
Is 341 composite?
True
Is 101081 composite?
False
Is 8914 prime?
False
Is 8329 a composite number?
False
Is 815333 prime?
True
Is 50069 composite?
False
Is 521617 prime?
False
Is 79 a composite number?
False
Is 231529 a prime number?
True
Is 4019 a prime number?
True
Is 143329 composite?
False
Is 46727 composite?
False
Is 151709 prime?
False
Is 109 a prime number?
True
Is 33339 prime?
False
Is 33401 prime?
False
Is 14813 a composite number?
False
Is 15727 composite?
False
Is 41077 a prime number?
True
Is 2897 a composite number?
False
Is 167711 a prime number?
True
Is 4547 prime?
True
Is 7523 composite?
False
Is 225033 a composite number?
True
Is 21531 a prime number?
False
Is 8323859 composite?
False
Is 4487 composite?
True
Is 2256781 a prime number?
True
Is 2379203 a prime number?
True
Is 366013 a prime number?
True
Is 38573 a prime number?
False
Is 99401 a composite number?
False
Is 1255 a prime number?
False
Is 7817 a prime number?
True
Is 35519 prime?
False
Is 9169 a prime number?
False
Is 30169 composite?
False
Is 493345 composite?
True
Is 565 composite?
True
Is 52669 a composite number?
True
Is 341839 a composite number?
False
Is 42787 prime?
True
Is 3557 a composite number?
False
Is 31307 prime?
True
Is 103793 composite?
True
Is 18101 prime?
False
Is 8119 a composite number?
True
Is 12071 prime?
True
Is 170219 prime?
False
Is 6343 composite?
False
Is 855059 a composite number?
False
Is 22613 composite?
False
Is 9953 a prime number?
False
Is 14857 a prime number?
False
Is 411469 prime?
True
Is 14441 prime?
False
Is 13613 prime?
True
Is 27139 a composite number?
True
Is 16921 composite?
False
Is 55963 a prime number?
False
Is 32117 prime?
True
Is 409 a composite number?
False
Is 16603 composite?
False
Is 8413 composite?
True
Is 40981 a prime number?
False
Is 733963 composite?
False
Is 68863 composite?
False
Is 3042437 prime?
True
Is 64466 a prime number?
False
Is 1151807 composite?
False
Is 37819 prime?
False
Is 77131 a composite number?
True
Is 236066 a prime number?
False
Is 299 prime?
False
Is 474713 a composite number?
True
Is 5273 composite?
False
Is 14621 prime?
True
Is 262 composite?
True
Is 14047 a prime number?
False
Is 535303 prime?
True
Is 170707 a prime number?
True
Is 3225653 a composite number?
False
Is 7499 a composite number?
False
Is 673391 a composite number?
False
Is 10279 a prime number?
False
Is 339187 a composite number?
False
Is 955462 a composite number?
True
Is 485131 composite?
False
Is 146273 a prime number?
True
Is 10847 a composite number?
False
Is 326473 a prime number?
False
Is 50411 a composite number?
False
Is 229351 a prime number?
True
Is 56687 composite?
False
Is 21431 a prime number?
False
Is 6180373 prime?
False
Is 89627 a prime number?
True
Is 785857 a prime number?
True
Is 328357 composite?
False
Is 907 a prime number?
True
Is 115633 composite?
True
Is 463181 a composite number?
False
Is 44753 composite?
False
Is 11677 composite?
False
Is 3643 a composite number?
False
Is 916259 composite?
False
Is 2262583 composite?
True
Is 196759 prime?
False
Is 2153 a prime number?
True
Is 24517 a composite number?
False
Is 9809 composite?
True
Is 726941 a prime number?
True
Is 4391 composite?
False
Is 121829 a prime number?
False
Is 11731 composite?
False
Is 21403 prime?
False
Is 499615 composite?
True
Is 133979 prime?
True
Is 209759 prime?
False
Is 29837 a composite number?
False
Is 130213 composite?
True
Is 32105 composite?
True
Is 7499 a composite number?
False
Is 44351 prime?
True
Is 151549 composite?
False
Is 2503 a composite number?
False
Is 2947 composite?
True
Is 39499 composite?
False
Is 117601 a composite number?
True
Is 52907 prime?
False
Is 184561 a composite number?
True
Is 45529 a composite number?
True
Is 3659 prime?
True
Is 2461223 composite?
False
Is 357377 prime?
True
Is 2213 a prime number?
True
Is 866773 a prime number?
False
Is 24611 a prime number?
True
Is 304597 a composite number?
False
Is 82373 a prime number?
True
Is 145583 a prime number?
False
Is 235 composite?
True
Is 43523 prime?
False
Is 54907 composite?
False
Is 7393 composite?
False
Is 78635 a composite number?
True
Is 73237 a composite number?
False
Is 27581 composite?
False
Is 983 composite?
False
Is 2018 composite?
True
Is 98309 prime?
False
Is 8923 a composite number?
False
Is 55439 prime?
True
Is 3821 a prime number?
True
Is 418045 a composite number?
True
Is 4981 a composite number?
True
Is 97397 composite?
False
Is 4561 prime?
True
Is 16519 a prime number?
True
Is 46171 a composite number?
False
Is 3613 a composite number?
False
Is 2357 a prime number?
True
Is 7393 prime?
True
Is 388261 a composite number?
True
Is 31 composite?
False
Is 94379 prime?
True
Is 1841657 prime?
True
Is 16691 composite?
False
Is 13327 prime?
True
Is 20653 a prime number?
False
Is 521329 a composite number?
False
Is 2041 composite?
True
Is 33107 composite?
False
Is 11183 a composite number?
True
Is 541 prime?
True
Is 16753 composite?
True
Is 457 a prime number?
True
Is 14311 prime?
False
Is 1181911 composite?
False
Is 36901 prime?
True
Is 33661 a prime number?
False
Is 7661 a prime number?
False
Is 108359 prime?
True
Is 15013 a prime number?
True
Is 142867 prime?
True
Is 7745 composite?
True
Is 64937 composite?
False
Is 7241 a composite number?
True
Is 257053 composite?
False
Is 1117 a composite number?
False
Is 13637 prime?
False
Is 2355857 a composite number?
True
Is 8543 a prime number?
True
Is 7297 prime?
True
Is 767203 a composite number?
False
Is 68767 prime?
True
Is 122677 a composite number?
True
Is 4151 prime?
False
Is 49499 a prime number?
True
Is 112687 a composite number?
False
Is 308677 prime?
False
Is 1252717 a composite number?
False
Is 96233 composite?
False
Is 33703 a prime number?
True
Is 88463 prime?
True
Is 77005 prime?
False
Is 76649 a prime number?
True
Is 192707 prime?
False
Is 3191 composite?
False
Is 125551 composite?
False
Is 2431393 prime?
True
Is 74813 a composite number?
True
Is 2012905 a composite number?
True
Is 21583 composite?
True
Is 787 prime?
True
Is 114329 a composite number?
False
Is 208733 a composite number?
True
Is 59821 a prime number?
False
Is 46793 composite?
True
Is 128077 composite?
True
Is 285029 a composite number?
True
Is 975133 prime?
True
Is 23761 prime?
True
Is 53569 a composite number?
False
Is 1286617 prime?
True
Is 189179 prime?
False
Is 2177405 prime?
False
Is 80863 prime?
True
Is 51847 prime?
False
Is 62695 composite?
True
Is 487 a prime number?
True
Is 296071 prime?
True
Is 79301 a prime number?
True
Is 171161 a prime number?
True
Is 102643 a prime number?
True
Is 78367 composite?
False
Is 144103 composite?
False
Is 191683 a prime number?
False
Is 15229 a prime number?
False
Is 134611 composite?
True
Is 197551 prime?
True
Is 29243 prime?
True
Is 286367 a prime number?
True
Is 9977 prime?
False
Is 12071 composite?
False
Is 73498 a composite number?
True
Is 191417 composite?
True
Is 1308247 a composite number?
False
Is 229891 prime?
False
Is 10729 prime?
True
Is 8461 a composite number?
False
Is 4241 composite?
False
Is 39941 a composite number?
True
Is 86447 a prime number?
False
Is 103471 a composite number?
False
Is 1949 a composite number?
False
Is 29461 a prime number?
False
Is 18119 a prime number?
True
Is 29503 composite?
True
Is 53953 composite?
True
Is 6999 a composite number?
True
Is 13121 a composite number?
False
Is 65339 a composite number?
True
Is 7555 composite?
True
Is 63967 composite?
True
Is 2117 a composite number?
True
Is 520909 composite?
True
Is 29597 prime?
False
Is 1285 a prime number?
False
Is 19373 a prime number?
True
Is 23957 prime?
True
Is 26889 composite?
True
Is 260441 a prime number?
True
Is 2927 a composite number?
False
Is 46957 prime?
True
Is 27509 a composite number?
False
Is 1088807 composite?
False
Is 32937 prime?
False
Is 759089 prime?
True
Is 100313 composite?
False
Is 29269 prime?
True
Is 521 prime?
True
Is 266233 a composite number?
True
Is 68559 prime?
False
Is 75731 a prime number?
True
Is 3506 prime?
False
Is 45827 a prime number?
True
Is 1061959 prime?
True
Is 373447 composite?
False
Is 4127 prime?
True
Is 337 a composite number?
False
Is 1511 a composite number?
False
Is 676649 a prime number?
True
Is 156977 composite?
True
Is 207121 prime